+ y - 1. Determine m(f).
5
Suppose 5*q - 3*q = -5*i + 4, 0 = 5*i + 3*q - 1. Let d(w) be the first derivative of 3*w**2 - 2*w**3 - i - 4*w + 1/4*w**4. Calculate d(5).
1
Let c(p) = -p - 2*p - 2*p**2 + 2 + p. Suppose 6*i + 40 = i - 2*r, 3*i + 25 = -r. Let w be (-2)/5 - 24/i. Calculate c(w).
-10
Let g(l) = 3*l**2 - 4*l - 2*l**2 - 3 + 0*l**2 + 4. What is g(3)?
-2
Let j(i) = 4*i**2 + i. Let h = 20 + -21. What is j(h)?
3
Let q(z) be the first derivative of 3/2*z**2 + 0*z - 1/4*z**4 - z**3 - 2. What is q(-4)?
4
Let t(n) be the third derivative of -n**6/120 + n**5/60 - n**4/8 + n**3/2 + 36*n**2. Give t(2).
-7
Let d(j) = -3*j**3 - 2*j**2 + 1. Let y be 2*(-3)/(2*-3). Calculate d(y).
-4
Let q(s) = -s**2 + 6*s - 4. Suppose 3*j + 3*p - 2 = -11, -4*j = 2*p + 18. Let u = j - -15. Let w(x) = -x**3 + 9*x**2 + 3. Let c be w(u). Calculate q(c).
5
Let y(i) = 18*i - i**2 + 15*i - 2 - 24*i. Calculate y(9).
-2
Let n(h) = 9*h + 7. Let f(s) = s**2 + s + 1. Let d(g) = -f(g) + n(g). Determine d(8).
6
Let d(q) = -4*q + 2. Let t be 6 - (1 + -4 + 3/1). Determine d(t).
-22
Let r(x) = -x**2 - 8*x - 1. Suppose 0*t = t - 1. Suppose 0 = 3*p - 2*j + 23, t = 4*j - 3*j. Give r(p).
6
Let a(k) = -k**2 - 5*k + 2. Let o(r) = 4*r - 1. Let s(g) = 2*a(g) + 3*o(g). Give s(-3).
-23
Let s(t) be the first derivative of t**3/3 + 3*t**2 + t + 7. Let q = 4 + -8. Let i = q - 0. Calculate s(i).
-7
Let c(o) = o**3 - 9*o**2 - 7*o - 3. Let t(l) = 4*l**3 - 27*l**2 - 20*l - 8. Let v(q) = -7*c(q) + 2*t(q). What is v(-8)?
-3
Suppose -4*l + 12 = -4, 4*h - 5*l = 0. Let b(g) = 1 - g**2 + 0*g**2 - 5 + 5*g. Give b(h).
-4
Let x = 378 - 374. Let t(a) be the first derivative of 1 + 3/2*a**2 - 5*a. Determine t(x).
7
Suppose 2*f - 20 = 2*a, -3*f + 0*f + a = -20. Let g(v) be the first derivative of -v**4/4 + 4*v**3/3 + 5*v**2/2 + 3*v - 1. Calculate g(f).
3
Let o(h) be the first derivative of h**4/4 + 7*h + 17. What is o(0)?
7
Suppose 15*s - 12*s = 0. Let m(r) = r + 7. Calculate m(s).
7
Let x be (2 + -2)/(2 + 0). Let t = 2 - x. Suppose -t*l + 9 = 1. Let d(v) = v + 2. Give d(l).
6
Let a be 0/(-3 + 3 - -1). Suppose -3*t + 4*j + 18 = a, -4*j - 1 = 5*t + 1. Let o(i) = i**3 - 3*i**2 + i + 2. Calculate o(t).
0
Let a = 9 - 6. Let i(g) = 0*g - 1 + a*g + 4 - 4*g. What is i(6)?
-3
Let u(o) be the third derivative of o**7/5040 - o**6/144 - o**5/60 - 2*o**2. Let w(a) be the third derivative of u(a). Suppose 0 = s + 2 - 5. Give w(s).
-2
Suppose 4*x + 2 = 5*x. Let d(c) = -c**x + 4*c**2 + 3*c**2 - 5*c**2 - 6*c + 6. What is d(4)?
-2
Suppose -40*j = -37*j. Let s(o) be the third derivative of 1/24*o**4 + 0*o - 2*o**2 + j - 1/6*o**3. Calculate s(1).
0
Let h(y) = 17 - 9 - y - 9 + y**2 - 1. Give h(2).
0
Let j be 4*(2 - (-7)/(-4)). Let y(k) be the second derivative of 0 + 0*k**2 + k - 7/6*k**3. Determine y(j).
-7
Let n(g) = -2*g - 8. Let c(x) = 0*x - 2 + 6 + 8 + 3*x. Let l(o) = -5*c(o) - 7*n(o). Give l(0).
-4
Let f(r) = -2*r**3 - 15*r**2 - r + 3. Let b(w) = w**3 + 7*w**2 - 2. Let k(v) = 5*b(v) + 2*f(v). What is k(-5)?
6
Let l(t) = 7*t - 2. Let s(d) = 8*d - 1. Let h(n) = 7*l(n) - 6*s(n). Determine h(6).
-2
Let g = 3 + -3/2. Let q(u) be the first derivative of u + g*u**2 + 3. Calculate q(1).
4
Suppose -5*l = 4*a - 32, -l - 4 = -4*a - 20. Let i = l - 5. Suppose 4*z = z - i. Let j(n) = n - 1. What is j(z)?
-2
Let d(j) be the second derivative of j**6/24 - j**3/6 - 2*j**2 + 2*j. Let h(x) be the first derivative of d(x). Calculate h(-1).
-6
Let k(o) = -2*o. Let x(r) = -2*r + 3. Suppose -3*c - 4*a - 12 = 0, a - 1 = -c - 4. Suppose c = l + l - 6. Let s be x(l). Give k(s).
6
Let p be -2 + 1 + 5 + -1. Let t(g) = 2 - 1 + 4 + p*g - 1. Determine t(-5).
-11
Let j be -6*(-4)/(-8)*16/(-12). Let t(b) = -b**2 + 4*b - 3. What is t(j)?
-3
Let i be 0*(-2)/(-4) - 7. Let s = 5 + i. Let a(b) be the second derivative of b**4/12 + 2*b**3/3 + 3*b**2/2 - b. Give a(s).
-1
Let d = -64 + 61. Let t(h) = -h**3 - h**2 + 3*h - 3. Calculate t(d).
6
Let h(d) = -7*d - 5. Let x(n) = -n - 5. Let k be x(-3). Let s(a) = -3. Let o(l) = l + 3. Let j(b) = 3*o(b) + 2*s(b). Let g(u) = k*h(u) - 5*j(u). Determine g(4).
-9
Let k(q) be the third derivative of -q**6/120 - q**5/15 + q**4/4 - 5*q**3/6 + 3*q**2. Give k(-5).
-10
Let z(n) be the first derivative of 3/2*n**2 - 3 + n + 1/3*n**3 - 1/12*n**4. Let i(b) be the first derivative of z(b). What is i(-2)?
-5
Let s(x) = -x**3 - 3*x**2 + 2. Let j = -13 - -11. What is s(j)?
-2
Let b(s) = s - 15. Let t(f) = -f + 15. Let i(m) = 4*b(m) + 5*t(m). Calculate i(11).
4
Let f(t) = -2*t**2 + t + 10. Let n(y) = y**2 - y - 5. Let j(x) = 2*f(x) + 5*n(x). Let z = -9 - -16. Let r(k) = k - 3. Let g be r(z). What is j(g)?
-1
Let u = 87 + -91. Let f(z) = -2*z - 3. Let k(r) = -r - 2. Let g(n) = -3*f(n) + 4*k(n). What is g(u)?
-7
Suppose 9 = 4*j + 4*k - 19, -3*j + 5*k = 11. Let o(n) = 5*n**2 - 4*n**3 + 2*n**j - 2*n - n**2 - 1. Let y be 15/10 - (-2)/4. Give o(y).
-5
Let q = -16 + 17. Let l(i) = i - 4 + i + 3. Calculate l(q).
1
Let o(x) be the second derivative of -x**7/840 - x**6/90 + x**5/20 - x**4/8 + 5*x**3/3 + x. Let j(q) be the second derivative of o(q). Give j(-5).
-8
Let j(n) = 3*n + 3*n - 5*n + 4 - 2*n. Calculate j(-5).
9
Let v(k) = 5*k - 3. Let r(l) = -8*l**3 - 6*l + 1. Let z(w) = w**3 + w. Let d(p) = r(p) + 6*z(p). Let j be d(-1). Calculate v(j).
12
Let f(q) = -2*q + 5. Let d(v) = 2*v**3 - 7*v**2 - 12*v + 5. Let w(x) = -3*x**3 + 6*x**2 + 11*x - 6. Let t(j) = -4*d(j) - 3*w(j). Let g be t(-8). Determine f(g).
-7
Let r(o) = o**2 + 2*o + 3. Let m(c) = c**2 + 2*c + 4. Let s = -6 - -8. Let z(q) = s*m(q) - 3*r(q). Calculate z(-1).
0
Let d(s) = -1. Let t(o) = o - 3. Let l(m) = -6*d(m) + 2*t(m). What is l(4)?
8
Suppose -g + 29 = 5*x - 0*x, 2*g + 20 = 3*x. Let k(r) = -2*r + 6. Let q be k(x). Let n(b) = -b**2 - 9*b - 3. Give n(q).
15
Let u(h) be the first derivative of h**4/4 - 7*h**3/3 + 4*h**2 - 5*h + 126. Suppose -o + 5*x = 2*o + 55, 2*x = -o. Let q be ((-8)/o)/((-2)/(-15)). What is u(q)?
7
Let t(s) be the second derivative of 0 + 3/4*s**4 + 0*s**3 - 2*s - 1/2*s**2. Give t(-1).
8
Let z(a) = -a + 10. Suppose -3*i + 6 = 18. Let r = i - -10. What is z(r)?
4
Suppose 4*v = 0, -3*m = 2*v - 40 - 5. Suppose m = -5*q - 0. Let a(y) = 3*y + 2. Calculate a(q).
-7
Let h(p) = -5*p**2 - 1 + 6*p - 11*p + p**3 + 4. Give h(6).
9
Let x(o) = -o**3 - 9*o**2 - 8*o + 2. Let m be x(-8). Suppose 4*b - 1 = 7. Let v = b - m. Let p(q) = -q**2 - 5. What is p(v)?
-5
Let j(b) = -b**2 + 9*b - 5. Let a be j(7). Let m(x) = -3*x + 7. What is m(a)?
-20
Let r(a) be the third derivative of -a**7/2520 - a**6/120 + a**5/60 + 6*a**2. Let q(m) be the third derivative of r(m). Give q(-7).
8
Suppose 0 = 2*x - 0 - 2. Suppose 4*h + x = -3. Let k = -3 + h. Let m(b) = -b**3 - 5*b**2 - b + 3. Give m(k).
-9
Suppose 0*h - 2 = -h. Suppose h*x = -4 - 2. Let u(s) = -s**2 - 2*s + 1. Calculate u(x).
-2
Let q(j) = 2*j - 1. Let z = -13 - -11. Let p = z + -4. Determine q(p).
-13
Let u(y) be the first derivative of -2*y**3/3 + y**2 + y + 14. What is u(-1)?
-3
Let l(g) be the second derivative of g**5/20 + g**4/4 - g**3/2 - g**2/2 + 2*g + 12. Let n be 3/((0 + 2)/(-2)). What is l(n)?
8
Suppose 3 = t - 4. Let u(m) = 2*m + 1. Calculate u(t).
15
Let y(o) = -16*o**2 + o + 7 + 18 - 25. Determine y(-1).
-17
Let c(t) be the first derivative of t**3/3 + t**2/2 - t - 9. What is c(1)?
1
Let f(k) = -k**3 + k**2 + k + 4*k**2 - 9 + 7*k. Let m(s) = s**3 + 10*s**2 + 10*s + 15. Let o be m(-9). Determine f(o).
3
Suppose 14 = 5*c - 4*q, 25 + 7 = 2*c + 5*q. Let j(w) = w - 8. Calculate j(c).
-2
Let i(t) = -7*t**2 - t + 1. Let n be i(1). Let p = n + 11. Let k(c) = -c + 5 + 3*c - 5*c. Give k(p).
-7
Let h(w) = -w**3 + 7*w**2 + 6*w + 8. Let i be h(8). Let t = 12 + i. Let g(n) = n**3 - 3 + 5*n + 3*n**2 + 0*n - 2*n**3. What is g(t)?
1
Let h = 1 + -4. Let d(w) = 5*w - 2. Let k(v) = -11*v + 5*v - 1 + 7*v. Let i(r) = d(r) - 3*k(r). What is i(h)?
-5
Let o = -3 + 3. Let k = o - -1. Let b(j) = -8*j**2 + 2*j + 1. Let s(q) = 9*q**2 - 3*q - 1. Let i(l) = -5*b(l) - 4*s(l). Calculate i(k).
5
Let r(g) = -g**3 - g**2 + g - 1. Let h(n) = 5*n**3 - 2*n**2 + 2. Let l(c) = -h(c) - 2*r(c). Determine l(2).
-12
Let t(r) = -r**2 + 3*r + 1. Let c = -4 - -8. Calculate t(c).
-3
Let t be (18/(-27))/(2/(-6)). Let w(m) = t*m - 7 - m**3 - 3*m + 2*m**3 - 5. Calculate w(